**2 + 6*b + 5. Determine t(f).
-3
Let i(q) = -46*q**2 - 4*q**3 + 11*q**3 + 7*q**3 + 45*q**2. What is i(1)?
13
Let v(p) = p**2 - 4*p - 6. Suppose 0 = 2*k - 45 + 35. Suppose -13*x + 40 = -k*x. What is v(x)?
-1
Let s(q) be the second derivative of q**5/10 - q**4 + q**3/6 - q**2 - 727*q. Determine s(6).
4
Let q be (-5)/(-3)*(61 - 58). Let a(g) = g**2 - 3*g - 3. Determine a(q).
7
Let m(l) be the second derivative of -l**6/720 - l**5/120 - 2*l**4 + 31*l. Let h(p) be the third derivative of m(p). Suppose 2*v + 6 = 4*v. Calculate h(v).
-4
Let w(v) be the first derivative of -v**3/3 - 9*v**2/2 - 11*v + 48. Give w(-9).
-11
Let k(o) be the second derivative of o**5/60 + o**4/12 - 2*o**3/3 + 17*o**2/2 + 9*o. Let n(b) be the first derivative of k(b). Give n(-4).
4
Let c(l) = -l**3 + 3*l**2 + 9*l - 12. Let m be 80/(-30)*15/(-8). Determine c(m).
-17
Let s(d) = 37*d**2 - 83*d**2 - 16 + 45*d**2 + 16*d. What is s(14)?
12
Let w(j) be the second derivative of j**3/3 - 41*j**2/2 - 51*j. What is w(23)?
5
Let s = -52 - -97. Let i = s - 45. Let f(b) = -b**3 + b**2 - b - 8. What is f(i)?
-8
Let m(a) = -a**2 + 4*a - 2. Suppose 4*r = 3*r + 2*d + 1, 6 = 2*r - 5*d. Let i(p) = -p**3 - 7*p**2 - p - 3. Let c be i(r). Give m(c).
-2
Suppose 2*t - b - 9 = -0, 0 = 3*t - 4*b - 1. Suppose 3*v - 4*f - 5 = -0*f, 3*v - 5*f - t = 0. Let o(m) = -8*m**3 - 2*m**2 + 1. Calculate o(v).
7
Let o = -104 - -111. Let p(b) = b + o - 5 + b - 5*b. Give p(-3).
11
Let z(g) be the first derivative of -3*g**2/2 + 1039. Let q = 10 - 7. Let t be 3*((-4)/q)/2. Calculate z(t).
6
Let x(g) be the third derivative of -5/6*g**3 - 1/120*g**6 + 1/60*g**5 + 0*g - g**2 + 0 + 1/24*g**4. What is x(0)?
-5
Let j(v) = -1122*v**3 - v + 0*v**2 + v**2 + 1116*v**3 + 1. Determine j(1).
-5
Let q(j) = 70 - j**2 - 41 - 11*j - 38. Determine q(-8).
15
Let a(r) = -16*r - 149. Let x be a(-9). Let f(h) = 4*h + 1. Calculate f(x).
-19
Let c(m) = m**2 + 6*m. Let h be (-1)/(-2) + 20/(-8). Let r be h + (-3)/6*8. Give c(r).
0
Let j(k) = -3*k**2 - 24*k + 53. Let w(f) = 5*f**2 + 36*f - 79. Let h(i) = -8*j(i) - 5*w(i). Let q be h(8). Let r(z) = -z + 4. Determine r(q).
1
Let n(j) = -3*j - 4*j**2 + 24 + 6*j + j - j**3 - 20. Give n(-5).
9
Suppose 11*u - 10 = u. Let l(s) be the first derivative of 1/3*s**3 - 5/4*s**4 + 1 + 0*s + 0*s**2. What is l(u)?
-4
Suppose 0*b + b - 6 = 0. Suppose 0 = 3*h - b*h + 6. Let a(f) = -3*f - 1. Give a(h).
-7
Let q(f) be the first derivative of f**5/20 + f**4/12 - f**3/2 - f**2/2 - 2*f + 1. Let n(y) be the first derivative of q(y). Let i = 27 - 29. Give n(i).
1
Let k(i) be the first derivative of 1/20*i**5 - i - 1 - 2*i**2 - 1/2*i**3 - 1/12*i**4. Let b(g) be the first derivative of k(g). Determine b(3).
5
Suppose 11 = 5*w - u, w + u = -3*w + 7. Let t(y) = -3*y + 0 - y**w - 2*y + 1. Let s = -10 + 6. Calculate t(s).
5
Let n(b) be the second derivative of -b**6/120 - b**5/15 + b**4/6 + b**3/2 - 51*b**2/2 + 50*b. Let p(s) be the first derivative of n(s). Determine p(-5).
8
Let n(v) = 5*v + 2 + 13 - 3*v - v**3 - v**2 - 9. Let p(q) = 1. Let k(h) = -n(h) + 6*p(h). What is k(2)?
8
Let w(p) = p**2 + 6*p. Let o be w(-6). Let f(g) = -g - 2. Let v be f(o). Let i(h) = -6*h - 2. Let r(c) = -5*c - 2. Let j(y) = -2*i(y) + 3*r(y). What is j(v)?
4
Suppose 54 = 5*p - 0*p + v, 3*p - 2*v = 22. Suppose w = 3*w + 5*a - 32, w = 4*a - p. Let l(i) = i + 1. Give l(w).
7
Let v(m) = -m + 1. Let r(g) = -11*g + 17. Let w be r(1). Determine v(w).
-5
Suppose -4*f = -9*f + 15. Let d(r) = r**2 - 2*r**3 + 3 + 2*r - r**3 + 2*r**f. Let s be (-1462)/(-510) - 2/(-15). Determine d(s).
-9
Let n(i) = -i**2 + 2*i - 1. Suppose 2*g - 2*y = 8, 4*g - 25 = -3*y - 9. Determine n(g).
-9
Let z(n) = 2*n + 17. Let p(q) = -3*q**2 + 21*q + 48. Let j be p(9). Give z(j).
5
Let y(w) = w**2 - 29. Let l be 2 + (-3)/(-3)*-2. What is y(l)?
-29
Let h(q) = 2*q**2 - 18*q + 10. Let c(j) = 5*j**2 - 51*j + 31. Let w(z) = -3*c(z) + 8*h(z). Determine w(-10).
-3
Let y be (-231)/(-6)*54/594. Let b(j) be the first derivative of 4 + y*j**2 + j. Give b(-1).
-6
Let s(k) = -k**3 - 5*k**2 - 4*k + 4. Suppose 5*z - 13*z + 96 = 0. Suppose 6*y = -12 - z. Determine s(y).
4
Let o(t) = -4*t - 6. Let i be 34/153 + 94/(-18). What is o(i)?
14
Let t be -8 + (-30)/(-2) + -8. Let l(u) = 3*u**2. Give l(t).
3
Suppose 5 + 3 = 2*v. Let k(p) = p**2 - p. Let l(h) = -8*h**2 + 13*h - 6. Let q(o) = -6*k(o) - l(o). Determine q(v).
10
Let g be (6/9)/(-9 + 457/51). Let u(l) = l + 13. Determine u(g).
-4
Let g(u) = -3*u - 3. Let k(z) = 28*z + 136. Let q be k(-5). Give g(q).
9
Suppose 2*g - 7*g - 35 = 2*z, 5*g + 5 = 4*z. Let r be 3 - (70/g)/(-2). Let l(d) = d**2 - d - 5. Calculate l(r).
15
Let t(k) = k**2 + 3*k - 1. Let n(b) = 3*b**2 + b + 9. Let i(y) = n(y) - 2*t(y). Give i(9).
47
Let z be (396/(-88))/((-3)/(-4)). Let b(w) = w**2 + 5*w. Calculate b(z).
6
Suppose 2*w - 4 = 3*j, 4*w - 6*j = -3*j + 8. Let t(n) = 1 + 0 + n**2 - 4*n + 0*n**w. What is t(5)?
6
Let p(i) = 55*i + 275. Let v be p(-5). Let z(r) = -r**2 + 5*r + 1. Calculate z(v).
1
Let v(h) = -9*h - 16. Let g(p) = 5*p + 7. Let t(d) = -7*g(d) - 3*v(d). Calculate t(-6).
47
Let q(r) = 4*r + 4 - 3*r + 573*r**2 - 575*r**2. Determine q(3).
-11
Let x(a) be the third derivative of a**5/60 - 7*a**4/24 + a**3 + a**2 + 171*a. Let z = -18 + 7. Let l be z/(-2) - 2/4. Calculate x(l).
-4
Let u(a) = -2*a - 6. Let n(l) = 9*l + 30. Let i(c) = -5*n(c) - 24*u(c). Let v(y) = -y + 14. Let g be v(10). Give i(g).
6
Suppose 2*m + 7 = 7*m - 4*v, -5*v = -4*m + 11. Let o(g) = -g**3 + 2*g**2. Let j be o(2). Let h = m + j. Let b(q) = -5*q**3 - 2*q - 1. What is b(h)?
6
Let d be (700/(-75))/(-4*1/(-6)). Let h(n) = -2*n - 34. Determine h(d).
-6
Let j(m) = 2*m**3 - 3*m**2 + 2*m - 2. Let l = -15 - -21. Let z be (-7)/(-21) - (-10)/l. Calculate j(z).
6
Let h = 9 + -15. Let x(s) = -156*s + 155*s - 6*s**2 + 30 - s**3 - 23. Determine x(h).
13
Let o be (-45)/20 + 30/24. Let l(w) = -10*w**2 + w. Calculate l(o).
-11
Let z(w) be the second derivative of 3*w - 1/6*w**3 + 3/2*w**2 + 0. Let i be 1/5 + 3/(-15). What is z(i)?
3
Let m(n) = -n - 18. Let s(u) = -u**3 + 29*u**2 + 58*u + 114. Let d be s(31). Determine m(d).
-8
Let a(c) = -33 + 23 - 422*c + 420*c. Suppose w = -3*w + 8. Let f be 2/(w/14*-2). Determine a(f).
4
Let y(a) = 6*a + 52. Let z be y(-10). Let r(v) = v**3 + 7*v**2 - 10*v + 6. What is r(z)?
22
Suppose 10 = 40*f - 35*f. Let i = -5 - -8. Let h(b) = -f*b + 5*b - b - b - i*b**2. Give h(-2).
-14
Let w(n) = n - 6. Let l = 7 - 11. Let p = l + 4. Suppose p = -10*q + 3*q. Give w(q).
-6
Suppose 31 = 5*w + 6. Suppose y + w*a = 2*y - 7, 7 = y + 4*a. Let o(q) = 8 + q - 7 - 7. Determine o(y).
1
Let h(m) = -3*m**2 - 6*m + 3. Let n = 1048 - 1052. Calculate h(n).
-21
Let f(k) be the third derivative of k**5/60 + k**4/3 - 7*k**3/6 + 15*k**2 + 3*k. Give f(-6).
-19
Let w(q) = q**3 - 9*q**2 - 9*q - 8. Let x be w(10). Let d(s) = -1 + 6*s + 2*s - 7*s + 3*s - s**x. What is d(5)?
-6
Let p be (-6*5)/5 - (-9)/3. Let i(s) = 4*s + 5. Let m(y) = 7*y + 9. Let r(q) = p*m(q) + 5*i(q). Determine r(-6).
4
Suppose -5*a - 799 = 5*u - 769, -2*u - 17 = 3*a. Let s(d) = -2*d + 2. Let m(q) = -5*q + 6. Let t(l) = -3*m(l) + 8*s(l). Give t(a).
3
Let v = -779 + 785. Let c(h) = h**2 - 5*h + 6. Calculate c(v).
12
Let p(a) = -a**3 - 2*a**2 + 2. Let j be p(-2). Suppose 1 = -j*f + 3. Let r(b) = -2*b**2 + 1 - 1. Determine r(f).
-2
Let k(v) = -v**2 - 13*v + 20. Let d = 1469 + -1483. What is k(d)?
6
Let y(x) = -x - 2. Suppose 2*a - 9 = g, 15 = 4*a - 0*a + g. Determine y(a).
-6
Let y(l) = -135*l - 1 + 140*l - 1. What is y(-1)?
-7
Let f(y) = y**2 - 4*y + 4. Let z(r) = 1. Let d be 32/6 + (-2)/6. Suppose 0 = -34*v - 8 - 26. Let h(a) = d*z(a) + v*f(a). Determine h(4).
1
Let i(t) = t - 22. Let c be i(16). Let s = -37 - -26. Let j(d) = 2*d**2 - 5*d + 10. Let v(a) = -a**2 + 2*a - 5. Let u(q) = c*j(q) + s*v(q). Determine u(5).
10
Let f(c) = -3*c**2 + 10*c - 1. Let n(p) = -16*p**2 + 50*p - 4. Let x(t) = -11*f(t) + 2*n(t). Determine x(9).
-6
Let y(m) = 2*m**2 - 6*m - 7. Suppose 1690*b - 1682*b = 48. Calculate y(b).
29
Let i(t) = 17*t + 47. Let x(h) = -3*h. Let n(b) = -i(b) - 6*x(b). Give n(0).
-47
Let b(l) be the first derivative of l**4/4 + 4*l**3/3 - l**2/2 + 4*l + 1. Let u be ((-50)/15)/(15/18). Determine b(u).
8
Let d(a) = -4*a - 1013 + a + 1019 + 5*